{"id":1000,"date":"2016-08-15T20:33:00","date_gmt":"2016-08-15T20:33:00","guid":{"rendered":"http:\/\/timss2015.org\/encyclopedia\/countries\/serbia\/suggested-readings\/"},"modified":"2016-09-29T15:23:15","modified_gmt":"2016-09-29T15:23:15","slug":"suggested-readings","status":"publish","type":"page","link":"http:\/\/timss2015.org\/encyclopedia\/countries\/serbia\/suggested-readings\/","title":{"rendered":"Suggested Readings"},"content":{"rendered":"<div class=\"carouselwrap\"><div id=\"menu-serbia\" class=\"carouselmenu\"><a href=\"http:\/\/timss2015.org\/encyclopedia\/countries\/serbia\/\" class=\"menu-link main-menu-link menu-item menu-item-type-custom menu-item-object-custom\"><span>Introduction<\/span><\/a><\/li>\n<a href=\"http:\/\/timss2015.org\/encyclopedia\/countries\/serbia\/the-mathematics-curriculum-in-primary-and-lower-secondary-grades\/\" class=\"menu-link main-menu-link menu-item menu-item-type-custom menu-item-object-custom\"><span>The Mathematics Curriculum in Primary and Lower Secondary Grades<\/span><\/a><\/li>\n<a href=\"http:\/\/timss2015.org\/encyclopedia\/countries\/serbia\/the-science-curriculum-in-primary-and-lower-secondary-grades\/\" class=\"menu-link main-menu-link menu-item menu-item-type-custom menu-item-object-custom\"><span>The Science Curriculum in Primary and Lower Secondary Grades<\/span><\/a><\/li>\n<a href=\"http:\/\/timss2015.org\/encyclopedia\/countries\/serbia\/teachers-teacher-education-and-professional-development\/\" class=\"menu-link main-menu-link menu-item menu-item-type-custom menu-item-object-custom\"><span>Teachers, Teacher Education, and Professional Development<\/span><\/a><\/li>\n<a href=\"http:\/\/timss2015.org\/encyclopedia\/countries\/serbia\/instruction-for-mathematics-and-science-in-primary-and-lower-secondary-grades\/\" class=\"menu-link main-menu-link menu-item menu-item-type-custom menu-item-object-custom\"><span>Instruction for Mathematics and Science in Primary and Lower Secondary Grades<\/span><\/a><\/li>\n<a href=\"http:\/\/timss2015.org\/encyclopedia\/countries\/serbia\/monitoring-student-progress-in-mathematics-and-science\/\" class=\"menu-link main-menu-link menu-item menu-item-type-custom menu-item-object-custom\"><span>Monitoring Student Progress in Mathematics and Science<\/span><\/a><\/li>\n<a href=\"http:\/\/timss2015.org\/encyclopedia\/countries\/serbia\/use-and-impact-of-timss\/\" class=\"menu-link main-menu-link menu-item menu-item-type-custom menu-item-object-custom\"><span>Use and Impact of TIMSS<\/span><\/a><\/li>\n<a href=\"http:\/\/timss2015.org\/encyclopedia\/countries\/serbia\/suggested-readings\/\" class=\"menu-link main-menu-link menu-item menu-item-type-custom menu-item-object-custom\"><span>Suggested Readings<\/span><\/a><\/li>\n<a href=\"http:\/\/timss2015.org\/encyclopedia\/countries\/serbia\/references\/\" class=\"menu-link main-menu-link menu-item menu-item-type-custom menu-item-object-custom\"><span>References<\/span><\/a><\/li>\n<\/div><\/div>\t<style>\n\t\t.carouselwrap{\n\t\t\tbackground: #e5eaef;\n\t\t}\t\t\n\t\t.owl-item a{\n\t\t\tbackground: #ffffff;\n\t\t\tborder: 4px #00b2cc solid;\n\t\t\tcolor: #000000;\n\t\t}\t\t\n\t\t.owl-item a:hover,\n\t\t.owl-item a:focus,\n\t\t.owl-item a.current-menu-item{\n\t\t\tbackground: #00667f;\n\t\t\tborder: 4px #00b2cc solid;\n\t\t\t\n\t\t\tcolor: #ffffff;\n\t\t}\n\t<\/style>\n\t\n<h2>Suggested Readings<\/h2>\n<p>Ga\u0161i\u0107-Pavi\u0161i\u0107, S. &amp; Stankovi\u0107, D. (Eds.). (2011). <em>TIMSS 2007 u Srbiji<\/em> [TIMSS 2007 in Serbia]. Belgrade: Institut za pedagoska istrazivanja.<\/p>\n<p>Ga\u0161i\u0107- Pavi\u0161i\u0107, S., Stankovi\u0107, D. (2012). <em>Obrazovna postignu\u0107a u\u010denika iz Srbije u istra\u017eivanju TIMSS 2011, 44(2)<\/em>,\u00a0243\u2212265[Educational achievements of students from Serbia in the research TIMSS 2011]. Belgrade: Zbornik Instituta za pedago\u0161ka istra\u017eivanja.<\/p>\n","protected":false},"excerpt":{"rendered":"<p>Suggested Readings Ga\u0161i\u0107-Pavi\u0161i\u0107, S. &amp; Stankovi\u0107, D. (Eds.). (2011). TIMSS 2007 u Srbiji [TIMSS 2007 in Serbia]. Belgrade: Institut za pedagoska istrazivanja. Ga\u0161i\u0107- Pavi\u0161i\u0107, S., Stankovi\u0107, D. (2012). Obrazovna postignu\u0107a u\u010denika iz Srbije u istra\u017eivanju TIMSS 2011, 44(2),\u00a0243\u2212265[Educational achievements of &hellip; <a href=\"http:\/\/timss2015.org\/encyclopedia\/countries\/serbia\/suggested-readings\/\">Continued<\/a><\/p>\n","protected":false},"author":1,"featured_media":0,"parent":166,"menu_order":7,"comment_status":"closed","ping_status":"closed","template":"","meta":{"footnotes":""},"class_list":["post-1000","page","type-page","status-publish","hentry"],"_links":{"self":[{"href":"http:\/\/timss2015.org\/encyclopedia\/wp-json\/wp\/v2\/pages\/1000","targetHints":{"allow":["GET"]}}],"collection":[{"href":"http:\/\/timss2015.org\/encyclopedia\/wp-json\/wp\/v2\/pages"}],"about":[{"href":"http:\/\/timss2015.org\/encyclopedia\/wp-json\/wp\/v2\/types\/page"}],"author":[{"embeddable":true,"href":"http:\/\/timss2015.org\/encyclopedia\/wp-json\/wp\/v2\/users\/1"}],"replies":[{"embeddable":true,"href":"http:\/\/timss2015.org\/encyclopedia\/wp-json\/wp\/v2\/comments?post=1000"}],"version-history":[{"count":5,"href":"http:\/\/timss2015.org\/encyclopedia\/wp-json\/wp\/v2\/pages\/1000\/revisions"}],"predecessor-version":[{"id":6613,"href":"http:\/\/timss2015.org\/encyclopedia\/wp-json\/wp\/v2\/pages\/1000\/revisions\/6613"}],"up":[{"embeddable":true,"href":"http:\/\/timss2015.org\/encyclopedia\/wp-json\/wp\/v2\/pages\/166"}],"wp:attachment":[{"href":"http:\/\/timss2015.org\/encyclopedia\/wp-json\/wp\/v2\/media?parent=1000"}],"curies":[{"name":"wp","href":"https:\/\/api.w.org\/{rel}","templated":true}]}}